1
In base 10, what is 2 + -29469?
-29467
In base 6, what is -14523 - 0?
-14523
In base 16, what is 1 - -1d306?
1d307
In base 12, what is -3 - 21479?
-21480
In base 9, what is -1160 - -556?
-503
In base 9, what is -1531 + 0?
-1531
In base 11, what is -3044 + -1a?
-3063
In base 7, what is 4 - -5316?
5323
In base 6, what is -10 - -40520?
40510
In base 4, what is -110031133100 + 11?
-110031133023
In base 15, what is -3 + 1d1ab?
1d1a8
In base 15, what is -2 - 31ec?
-31ee
In base 2, what is 10010000011 - -100111?
10010101010
In base 5, what is -4213313 - 4?
-4213322
In base 4, what is 13120113 - -2?
13120121
In base 15, what is -672b - 5?
-6731
In base 15, what is -4013 - 3c?
-4050
In base 8, what is 2 - -3605?
3607
In base 7, what is 142663 - -65?
143061
In base 7, what is -2 + -2251203?
-2251205
In base 15, what is -2 + bbc5?
bbc3
In base 5, what is -1301300 - -3?
-1301242
In base 8, what is -2655 - -24?
-2631
In base 14, what is 1733 + -8c?
1685
In base 12, what is 5a - 104?
-66
In base 15, what is 46c0 + 0?
46c0
In base 10, what is -16 - -6005?
5989
In base 7, what is 1306514 - -3?
1306520
In base 2, what is 1001111 - -1001000?
10010111
In base 5, what is 1203132 - -10?
1203142
In base 16, what is 18c + 43?
1cf
In base 10, what is 1916 - -79?
1995
In base 2, what is -1100110101 - 100101?
-1101011010
In base 9, what is -16375 - 13?
-16388
In base 11, what is 4 - -154?
158
In base 13, what is 8 - -4579?
4584
In base 15, what is -55 - 2c0?
-325
In base 8, what is 3 + 1723225?
1723230
In base 8, what is -116 + -110?
-226
In base 4, what is -10111201 - -1?
-10111200
In base 10, what is -804 - -122?
-682
In base 2, what is 1 - -110010100111001101?
110010100111001110
In base 13, what is 580b8 - 4?
580b4
In base 10, what is -2 - -369011?
369009
In base 12, what is -496 - -21?
-475
In base 4, what is -112000311 + -3?
-112000320
In base 8, what is 1 + 6415?
6416
In base 10, what is -7 - 1124?
-1131
In base 4, what is 1013122 - -113?
1013301
In base 7, what is 615215 - -3?
615221
In base 7, what is -11341 + 32?
-11306
In base 8, what is 3033 + 135?
3170
In base 3, what is -12011011001 + -10?
-12011011011
In base 14, what is 43935 - -2?
43937
In base 8, what is -3 + -10211?
-10214
In base 15, what is 3a914 - 4?
3a910
In base 10, what is -5362 - 45?
-5407
In base 2, what is 101011010 - -111101?
110010111
In base 7, what is 31 + 54412?
54443
In base 6, what is -12 - 1025?
-1041
In base 10, what is 7 + -26457?
-26450
In base 3, what is 11112221022 - 12?
11112221010
In base 9, what is 126 - 164?
-37
In base 16, what is 3 - -4238?
423b
In base 10, what is 30 + 107?
137
In base 6, what is 332113 - -1102?
333215
In base 15, what is -485 - 15a?
-5e0
In base 3, what is 200112021 + 100021?
200212112
In base 8, what is -1 + -254747?
-254750
In base 15, what is 114 - 62?
a2
In base 2, what is 100 + 1010000011111110?
1010000100000010
In base 8, what is 2 - 312551?
-312547
In base 9, what is -256 - 171?
-437
In base 11, what is 2a - 8a600?
-8a581
In base 6, what is 4 - 124410?
-124402
In base 4, what is -3300 + -110132?
-120032
In base 16, what is 9c + -828f?
-81f3
In base 12, what is -27 + -3296?
-3301
In base 5, what is -214333003 - -2?
-214333001
In base 7, what is 25 + 5263?
5321
In base 4, what is -322 - -3000?
2012
In base 14, what is -36 - a0b1?
-a107
In base 9, what is -71054 - 1?
-71055
In base 15, what is 2 - ab4d?
-ab4b
In base 4, what is 1111223 - 20?
1111203
In base 5, what is 4223142 - 3?
4223134
In base 4, what is 2 - -33221110?
33221112
In base 12, what is 0 - 24886?
-24886
In base 15, what is 178b - -3?
178e
In base 15, what is -7 - -4a7?
4a0
In base 10, what is 91 + -34?
57
In base 10, what is 419 + 4?
423
In base 2, what is -10 + 100011100010001001?
100011100010000111
In base 3, what is 11202 + -202000?
-120021
In base 12, what is -134 - 845?
-979
In base 4, what is -21301221033 - -2?
-21301221031
In base 14, what is 22c62 - 3?
22c5d
In base 11, what is -244 - 276?
-50a
In base 4, what is 132 - -32103?
32301
In base 13, what is 77 + -781?
-707
In base 8, what is 146 + -414?
-246
In base 16, what is -ec - -2ff4?
2f08
In base 12, what is -93 + -456?
-529
In base 9, what is -1 - 26754?
-26755
In base 11, what is -41416 + -1?
-41417
In base 13, what is -143 - 1a4?
-317
In base 14, what is 48a53 - -5?
48a58
In base 15, what is 10 + -3c3e?
-3c2e
In base 8, what is 402323 - 5?
402316
In base 6, what is 10 - 413?
-403
In base 8, what is 472043 - 2?
472041
In base 11, what is -287 + 55a1?
5315
In base 6, what is 2044 - 1325?
315
In base 12, what is 179005 - 3?
179002
In base 2, what is -1010001111010 + -100?
-1010001111110
In base 2, what is 10011 - 1100111010?
-1100100111
In base 14, what is -9 + -31473?
-3147c
In base 16, what is -45e5 - 57?
-463c
In base 11, what is -789 - 266?
-a44
In base 9, what is -45 + -846?
-1002
In base 6, what is 3 - 1025411?
-1025404
In base 16, what is -eca + -a?
-ed4
In base 13, what is 32a0 - -c8?
3398
In base 12, what is 1b1 - 264?
-73
In base 6, what is 144 - 212242?
-212054
In base 5, what is 203 - 324124?
-323421
In base 10, what is -530 + 408?
-122
In base 4, what is -11 - 2311001?
-2311012
In base 13, what is -2685 - -2?
-2683
In base 6, what is 4500 - -111?
5011
In base 15, what is 1a + 3e5?
410
In base 16, what is 4 + -2f6d?
-2f69
In base 9, what is -1748 + 186?
-1552
In base 16, what is -2a1775 + -1?
-2a1776
In base 15, what is 216 + ee?
315
In base 6, what is -150425015 - 4?
-150425023
In base 14, what is -4301 - -21?
-42c0
In base 11, what is -6396 + 14?
-6382
In base 6, what is 51 - -51102?
51153
In base 7, what is -4 + 316304?
316300
In base 8, what is -24107 - 3?
-24112
In base 16, what is 193 - 344?
-1b1
In base 13, what is -2 - 51c6?
-51c8
In base 7, what is -12 - 14545?
-14560
In base 3, what is -202120002 - -120?
-202112112
In base 14, what is -acc9 - -2?
-acc7
In base 5, what is -3 - -233011?
233003
In base 12, what is 0 + 41628?
41628
In base 11, what is 8589 + -6?
8583
In base 16, what is 18 - -41c?
434
In base 16, what is -1b84 + -1f?
-1ba3
In base 4, what is 21 + 120101330?
120102011
In base 8, what is 3 - 27257?
-27254
In base 4, what is -3 - 3300130?
-3300133
In base 9, what is -7841 - 120?
-8061
In base 10, what is -2727 - 23?
-2750
In base 11, what is -2 + 59330?
59329
In base 13, what is 1c504 - -4?
1c508
In base 9, what is 112667 - 1?
112666
In base 12, what is 32 - -a8?
11a
In base 9, what is 27 - 12756?
-12728
In base 10, what is -75 + -375?
-450
In base 5, what is 4 + -23113400?
-23113341
In base 15, what is -3 + -36c?
-370
In base 7, what is -3 - 145424?
-145430
In base 2, what is 100111011101010 + -101?
100111011100101
In base 4, what is 303 - 11023?
-10120
In base 6, what is 1320114 - -2?
1320120
In base 5, what is -2 + 3011241?
3011234
In base 5, what is -110134100 + 4?
-110134041
In base 14, what is -b5ac - -1?
-b5ab
In base 5, what is 14 - 33432211?
-33432142
In base 13, what is -168 + 76?
-c2
In base 3, what is 1121010110 - -122?
1121011002
In base 4, what is -11012010013 + 3?
-11012010010
In base 14, what is -a - 2c18?
-2c24
In base 5, what is 220 + -1222?
-1002
In base 3, what is 1210011101 - -2?
1210011110
In base 13, what is -7 + -271a9?
-271b3
In base 8, what is -4337 + -2?
-4341
In base 3, what is -1220210 - -21202?
-1122001
In base 10, what is 5 + 154089?
154094
In base 12, what is 10b67 - -3?
10b6a
In base 11, what is 11 + 1417?
1428
In base 12, what is b88 - 150?
a38
In base 5, what is 1223222 + 1004?
1224231
In base 15, what is -a - 76e6?
-7701
In base 3, what is 2020021200 + -10?
2020021120
In base 12, what is 284 + -a29?
-765
In base 7, what is -132422 + -2?
-132424
In base 6, what is 21 - 51042?
-51021
In base 7, what is 1 - -4635653?
4635654
In base 2, what is -11011100111100 + 10?
-11011100111010
In base 5, what is 34104 + -20?
34034
In base 2, what is 11100101111101 - 1?
11100101111100
In base 9, what is 0 - -33?
33
In base 8, what is 61753 + 5?
61760
In base 16, what is -256f - -6?
-2569
In base 13, what is -151 + -2b70?
-2cc1
In base 5, what is -132 - 2442?
-3124
In base 7, what is 20104 - -11?
20115
In base 11, what is -5 - -16aa5?
16aa0
In base 12, what is -1a8 - -79?
-12b
In base 5, what is -3 + 40013040?
40013032
In base 14, what is -1d10a - 2?
-1d10c
In base 15, w